mposite number?
True
Is 9134 a prime number?
False
Is 310699 a prime number?
False
Is 225233 composite?
True
Is 14479 composite?
False
Is 583 composite?
True
Is 15713 a composite number?
True
Is 120979 a prime number?
False
Is 1693 prime?
True
Is 603413 prime?
False
Is 7933 a composite number?
False
Is 35519 composite?
True
Is 572251 prime?
True
Is 147689 a composite number?
False
Is 448687 prime?
True
Is 115193 a prime number?
False
Is 21881 a composite number?
False
Is 1046855 a prime number?
False
Is 787 a prime number?
True
Is 17039 a prime number?
False
Is 863 a prime number?
True
Is 69313 composite?
False
Is 40345 composite?
True
Is 55353 composite?
True
Is 30953 prime?
False
Is 25667 prime?
True
Is 50497 composite?
False
Is 31219 composite?
False
Is 24602 a composite number?
True
Is 112449 a composite number?
True
Is 151531 composite?
False
Is 161 a composite number?
True
Is 7094 a composite number?
True
Is 12697 a prime number?
True
Is 755107 prime?
True
Is 8465 a composite number?
True
Is 1057 a prime number?
False
Is 1861 composite?
False
Is 2333 a composite number?
False
Is 94201 a composite number?
False
Is 17149 a prime number?
False
Is 869083 prime?
False
Is 1949 composite?
False
Is 1367165 prime?
False
Is 1103 composite?
False
Is 7033 composite?
True
Is 9409 composite?
True
Is 5953 a composite number?
False
Is 51239 prime?
True
Is 40195 a composite number?
True
Is 144241 composite?
False
Is 38953 a composite number?
False
Is 2424301 prime?
False
Is 58783 a prime number?
False
Is 127507 a prime number?
True
Is 49711 a composite number?
False
Is 3691 prime?
True
Is 25301 a composite number?
False
Is 938669 a composite number?
True
Is 8951 composite?
False
Is 10931 a prime number?
False
Is 1635043 a prime number?
False
Is 1032367 a prime number?
False
Is 1294817 a prime number?
True
Is 37717 a composite number?
False
Is 28774 a prime number?
False
Is 153107 a composite number?
False
Is 24197 prime?
True
Is 18569 prime?
False
Is 43711 a composite number?
False
Is 819647 a prime number?
True
Is 969913 composite?
True
Is 197479 prime?
True
Is 334219 a prime number?
False
Is 4861 prime?
True
Is 805991 prime?
True
Is 6131 prime?
True
Is 160597 a composite number?
True
Is 104053 composite?
False
Is 101323 prime?
True
Is 499 composite?
False
Is 21671 composite?
True
Is 2149 prime?
False
Is 87739 a composite number?
False
Is 335 a composite number?
True
Is 40811 composite?
True
Is 60739 composite?
True
Is 269513 composite?
False
Is 573161 a prime number?
True
Is 268354 composite?
True
Is 429487 prime?
True
Is 90065 composite?
True
Is 2767 a prime number?
True
Is 65791 a composite number?
True
Is 26365 prime?
False
Is 6761 a composite number?
False
Is 9442 a composite number?
True
Is 11885 composite?
True
Is 146647 a prime number?
True
Is 159977 a prime number?
True
Is 4271 prime?
True
Is 200701 a composite number?
True
Is 1703 a prime number?
False
Is 9355 composite?
True
Is 573 composite?
True
Is 12421 composite?
False
Is 41831 a composite number?
True
Is 4667 prime?
False
Is 25031 a prime number?
True
Is 103141 prime?
True
Is 10219 composite?
True
Is 2669 a composite number?
True
Is 2078 composite?
True
Is 597889 a composite number?
False
Is 20783 a composite number?
True
Is 29071 a composite number?
True
Is 269897 a composite number?
False
Is 1259 a composite number?
False
Is 5227063 prime?
True
Is 3716383 prime?
False
Is 389 a prime number?
True
Is 277283 prime?
False
Is 47473 composite?
True
Is 9311 a composite number?
False
Is 228469 a prime number?
True
Is 149173 a composite number?
False
Is 28877 prime?
False
Is 9233 a composite number?
True
Is 65761 a composite number?
False
Is 37 composite?
False
Is 1397 a composite number?
True
Is 74257 composite?
False
Is 706867 a prime number?
False
Is 363871 a prime number?
True
Is 11333 composite?
True
Is 1679 composite?
True
Is 94795 a prime number?
False
Is 5758 a composite number?
True
Is 32411 prime?
True
Is 52163 composite?
False
Is 676355 a composite number?
True
Is 64147 prime?
False
Is 1821037 a prime number?
True
Is 48073 a composite number?
False
Is 598457 prime?
True
Is 1177138 composite?
True
Is 79 a prime number?
True
Is 219 composite?
True
Is 166577 a composite number?
True
Is 97241 composite?
False
Is 8963 prime?
True
Is 24901 prime?
False
Is 15217 a prime number?
True
Is 10966 a composite number?
True
Is 226721 a composite number?
True
Is 54443 a composite number?
False
Is 532079 prime?
False
Is 238123 composite?
True
Is 141407 composite?
True
Is 239 composite?
False
Is 89035 a prime number?
False
Is 1561 a composite number?
True
Is 13517 a composite number?
True
Is 11243 prime?
True
Is 659497 prime?
True
Is 8373 prime?
False
Is 23245 prime?
False
Is 6689 a prime number?
True
Is 219307 a composite number?
True
Is 277157 a composite number?
False
Is 31945 a prime number?
False
Is 37229 a prime number?
False
Is 649 composite?
True
Is 6343 a composite number?
False
Is 252514 prime?
False
Is 12461 a composite number?
True
Is 41011 composite?
False
Is 25927 prime?
False
Is 106819 composite?
True
Is 138715 composite?
True
Is 4201 a prime number?
True
Is 1795 composite?
True
Is 72421 prime?
True
Is 9967 composite?
False
Is 14971 a composite number?
True
Is 179209 prime?
True
Is 9263 prime?
False
Is 10414003 a prime number?
True
Is 399029 prime?
False
Is 2333 prime?
True
Is 100993 a composite number?
True
Is 119591 a composite number?
False
Is 8263 a prime number?
True
Is 73939 a composite number?
False
Is 44003 prime?
False
Is 193299 a composite number?
True
Is 633077 a composite number?
True
Is 89687 composite?
True
Is 38783 a composite number?
False
Is 548071 a composite number?
True
Is 4045 prime?
False
Is 6797 prime?
False
Is 345637 prime?
True
Is 413 composite?
True
Is 7291 composite?
True
Is 596135 a prime number?
False
Is 2785 composite?
True
Is 636871 a composite number?
True
Is 133681 composite?
True
Is 2437 a prime number?
True
Is 26853 prime?
False
Is 4733 a prime number?
True
Is 11273 prime?
True
Is 41889 prime?
False
Is 26293 prime?
True
Is 2963 prime?
True
Is 996441 prime?
False
Is 1185071 a prime number?
True
Is 62885 prime?
False
Is 11957 prime?
False
Is 66635 a composite number?
True
Is 49583 a composite number?
True
Is 8083 a prime number?
False
Is 11047 prime?
True
Is 443109 composite?
True
Is 99961 composite?
False
Is 2947019 a prime number?
False
Is 569659 composite?
False
Is 134567 a composite number?
True
Is 122981 composite?
True
Is 5261 a composite number?
False
Is 5129 a composite number?
True
Is 43721 prime?
True
Is 43961 composite?
False
Is 27901 a prime number?
True
Is 7844845 prime?
False
Is 2379413 a composite number?
False
Is 34841 composite?
False
Is 194321 prime?
False
Is 615557 prime?
True
Is 718 composite?
True
Is 17846 a composite number?
True
Is 17529 composite?
True
Is 1106741 a composite number?
False
Is 233383 a composite number?
True
Is 41569 prime?
False
Is 66683 a prime number?
True
Is 9409 composite?
True
Is 77317 prime?
True
Is 3719 a composite number?
False
Is 636499 a prime number?
True
Is 29081 a prime number?
False
Is 66281 composite?
True
Is 52961 a composite number?
True
Is 192187 a composite number?
False
Is 156441 prime?
False
Is 1850939 a prime number?
True
Is 191663 composite?
True
Is 15863 composite?
True
Is 8807 a composite number?
False
Is 204509 composite?
False
Is 124897 composite?
False
Is 1559 prime?
True
Is 1368067 prime?
False
Is 818011 composite?
False
Is 89891 a prime number?
True
Is 1977301 a prime number?
True
Is 737643 a prime number?
False
Is 265 prime?
False
Is 468749 a composite number?
True
Is 63071 composite?
True
Is 3715 prime?
False
Is 6349 prime?
False
Is 5006 composite?
True
Is 1113679 composite?
True
Is 11633 prime?
True
Is 8941 a prime number?
True
Is 91 composite?
True
Is 2621 a prime number?
True
Is 46685 a prime number?
False
Is 35749 a composite number?
True
Is 2503 prime?
True
Is 143551 prime?
True
Is 780029 composite?
False
Is 175361 prime?
True
Is 14519 prime?
True
Is 18835 a composite number?
True
Is 60317 composite?
False
Is 115887 a prime number?
False
Is 804823 composite?
False
Is 779293 composite?
True
Is 52783 a composite number?
False
Is 6937 prime?
False
Is 87491 composite?
False
Is 